= 5*t - 24. What is the tens digit of i?
3
Suppose -4*r + 5*q = 460, 2*q = 5*r + 4*q + 542. Let y = r + 272. What is the hundreds digit of y?
1
Let l(n) = -7*n - 7. Let h(y) = -4*y - 4. Let v(o) = 5*h(o) - 3*l(o). Let z be v(3). Suppose -115 = -z*j - j. What is the tens digit of j?
2
Let y = 12 - -5. Let q = y - -16. What is the units digit of q?
3
Suppose 10*z + 30 = 180. Suppose -34 = -7*o + z. What is the units digit of o?
7
Let q(g) = 5*g**3 - 15*g**2 - 13*g + 6. Let j(f) = -4*f**3 + 14*f**2 + 12*f - 6. Let c(n) = 6*j(n) + 5*q(n). What is the tens digit of c(-6)?
6
Let h(i) = 2*i + 28. Let b(m) = -m**2 - 3*m. Let d be ((-33)/22)/((-1)/(-2)). Let t be b(d). What is the units digit of h(t)?
8
What is the thousands digit of ((-36)/15)/(((-352)/20760)/22)?
3
Let w(i) be the first derivative of 20*i + 4 + 13/2*i**2 - 1/3*i**3. What is the units digit of w(14)?
6
Let w(i) = 181*i + 7. What is the tens digit of w(1)?
8
Let q = -504 + 852. What is the hundreds digit of q?
3
Suppose -43 = i - 3*o, -2*i - i - 3*o - 69 = 0. Let k = i - -169. What is the tens digit of k?
4
Suppose -4*g + 4 - 4 = 0. Suppose -2*f + g*f = 2*d - 344, -3*d = -2*f + 329. What is the units digit of f?
9
Let p(m) = 50*m. What is the tens digit of p(1)?
5
Let x = -13 + 3. What is the units digit of 128/x*((-50)/4)/1?
0
Let q(a) = 5*a - 16. Let g be q(5). What is the hundreds digit of 60/(-3 + 1 + g/4)?
2
Let m(v) = v**3 + 8*v**2 - 10*v - 14. Let c be m(-8). Suppose 0 - c = -3*g. What is the tens digit of g?
2
Let c(d) = 5*d**2 + 18*d + 28. What is the hundreds digit of c(14)?
2
Suppose -4*f + 190 + 18 = 0. Suppose 0*d - 4*d - f = 0. Let j = d + 20. What is the units digit of j?
7
Let n be 5/(10/4)*4/4. Suppose -3*a = 5*w - 347, -n*a = 4 - 12. What is the units digit of w?
7
Let v(j) = -906*j**3 + 3*j**2 + 9*j + 7. What is the tens digit of v(-1)?
0
Let y(f) = -5*f - 2 - 2*f - 4*f. Suppose 4*q + 20 = -3*r, r = -3*q - 3*r - 22. What is the units digit of y(q)?
0
Let d(f) be the third derivative of f**4/3 + f**3/3 + 24*f**2. Suppose 2*t - 2 = 4. What is the tens digit of d(t)?
2
Suppose 0 = k + 37 + 5. Let u = 180 - 104. Let o = k + u. What is the tens digit of o?
3
Let l be (-192)/(-15) - 3/(-15). Suppose -36 = -l*a + 10*a. What is the units digit of a?
2
Let f(c) = c + 4. Let h be f(-16). Let y = 16 + h. Suppose 0 = -5*m + 5*i + 125, 5*i + 32 = y*m - 66. What is the tens digit of m?
2
Let t = -571 - -1012. What is the hundreds digit of t?
4
Let q(l) be the first derivative of l**4/6 + 5*l**3/6 - 3*l**2 - 11. Let u(x) be the second derivative of q(x). What is the tens digit of u(9)?
4
Suppose 0 = -4*k + k. Suppose k*j - 60 = -5*j. Suppose 4*r - 48 = -j. What is the units digit of r?
9
Let n(i) = 0 - 2*i + 0 + 4*i + 2*i**2. Let a be n(-1). Suppose a*c + 14 = 2*c - 4*p, 0 = 5*c + 4*p - 35. What is the units digit of c?
7
Let f = 17 + -15. Suppose -62 = -f*w + 22. Suppose 3*m + 3*i = w, -2*m + i + 52 = 3*m. What is the tens digit of m?
1
What is the tens digit of -3*(3 + 11024/(-24))?
6
Suppose 2*i - 11*m + 7*m = 780, -i = 5*m - 390. What is the tens digit of i?
9
Let n = 70 - 59. Suppose 0 = 7*u - n*u + 332. What is the tens digit of u?
8
Suppose 5*d = 2*a - 0*a - 49, d + 17 = -2*a. Let n = d - -60. What is the units digit of n?
9
Let j = 4 - 4. Suppose j = 2*r - 11 - 1. Let x(y) = y**3 - 5*y**2 - 2*y - 3. What is the units digit of x(r)?
1
Let j(i) = -104*i**2 + 20*i + 47. Let r(n) = -35*n**2 + 7*n + 16. Let x(k) = -6*j(k) + 17*r(k). What is the tens digit of x(-3)?
5
Let a be (12/(-5))/(9/(-30)). Suppose 0 = a*h - 4*h - 384. What is the tens digit of h?
9
What is the thousands digit of 21/14*-4 - (-4 + -2904)?
2
Suppose -27 = 21*v - 24*v. Suppose -5*c = r - 12, -5*r + 3*c + 41 - v = 0. Suppose 4*z - 45 = r. What is the units digit of z?
3
Let m(i) = 3 - 10*i + 12*i + 11*i + 7. Let a be m(5). Suppose 0*h - 3*h = -a. What is the units digit of h?
5
What is the tens digit of 13/(-13) + -3 + 2162?
5
Suppose -2 = -n - w, -3*n = -8*n - w + 22. Suppose n*l - 5*t = 135, -66 = -2*l + 4*t + t. What is the units digit of l?
3
Let l(j) = -3*j + 1. Let i(s) = -5*s + 3. Let w(t) = 4*i(t) - 7*l(t). Let f be w(0). Let u = f + -4. What is the units digit of u?
1
Let l = -245 - -541. Let k = -139 + l. Suppose 10 = -3*h + k. What is the tens digit of h?
4
Let l = -100 + 585. What is the units digit of l?
5
Let r(j) = 2*j - 17. Let k be r(4). Let c(q) = -q**3 - 6*q**2 + 14*q + 13. What is the tens digit of c(k)?
3
Let o be ((-2)/4)/(3/(-24)). Suppose -29 = -3*y + o*s, 3*y + s = 1 + 3. Suppose -6*b + 69 = -y*b. What is the tens digit of b?
2
Let i = -19 + 22. Let d be 1835/15 - (-2)/i. Let f = d - 74. What is the tens digit of f?
4
Suppose -13*j + 4*j + 45 = 0. Suppose 0 = j*x + 36 - 526. What is the units digit of x?
8
Let w(q) = 129*q + 219. What is the tens digit of w(20)?
9
Let i = -14 - -8. Let m be (-2)/4 + (-21)/i. Suppose 2*a - 9 = -3*s, a + 9 = m*s - 0. What is the units digit of s?
3
Let v = 477 + 1877. What is the thousands digit of v?
2
Let y = 214 + -144. Let s = -69 - -117. Let b = y - s. What is the units digit of b?
2
Suppose 0 = 4*o - 5*g - 23072, 232*o - 23068 = 228*o + 4*g. What is the thousands digit of o?
5
Suppose b - 3*m - 24 = 0, 5*b - 3*m = m + 175. Let c = -24 + b. Suppose 3*h + 3 - c = 0. What is the units digit of h?
4
Suppose -16*i + 2612 + 8124 = 0. What is the units digit of i?
1
Suppose -30 = 3*q - 84. Let g = 46 + q. What is the tens digit of g?
6
Suppose 2*x - 14 = -y, -y = -3*x + 2*y + 3. Let j be ((1 - 3)*1)/(14/(-28)). Suppose s + s = 4*n, -j*s = x*n - 13. What is the units digit of s?
2
Suppose -3*d + 2*a + 1072 = -3*a, -678 = -2*d - 4*a. What is the tens digit of d?
4
Suppose 2*n + u - 24 = -u, -5*n - u = -56. Let f be ((-9)/3)/(-3)*(-9 - -5). Let k = f + n. What is the units digit of k?
7
Suppose -2*s - 40 = -10*s. Suppose s*d - 218 = 4*d. What is the tens digit of d?
1
Let c(i) = -i**3 - 11*i**2 - 11*i - 8. Let n be c(-10). What is the hundreds digit of (1 + 1)*n/(-4)*-113?
1
Suppose -3*w = -4*q - 1731, -1166 = -2*w + 2*q - 10. What is the hundreds digit of w?
5
Suppose 699 = 3*d + 2*s - 1207, -s - 637 = -d. What is the tens digit of d?
3
Let l = 2070 + -1431. What is the hundreds digit of l?
6
Suppose -10*t + 8*t + 8 = 0. Suppose 2*q = -g - 0*q + 152, 0 = t*q + 16. What is the tens digit of g?
6
Let q = -49 + 46. What is the tens digit of 123/(q*5/(-20))?
6
Let p = -3063 - -4751. What is the units digit of p?
8
Suppose 0 = -4*g + 14 - 2. Suppose 5*f = -g*s + 11, -4*f + 5*s + 45 = 14. Suppose -5*q + 71 = -3*a, 0 = -0*a + f*a + 8. What is the tens digit of q?
1
Suppose 3*p + 3333 = 5*h + 494, -p = 3. What is the units digit of h?
6
Suppose 3*y - 10 = -55. What is the tens digit of 155/2 + y/10?
7
Let n be (66/(-12) - -5)/(2/4). Let m(v) = 51*v**2 + v + 1. What is the units digit of m(n)?
1
Let w(v) = -15*v - 222. What is the hundreds digit of w(-38)?
3
Suppose 11399 = 9*a - 13486. What is the thousands digit of a?
2
Let c be 4*(-1)/((-4)/11). Let f = c - 6. What is the tens digit of f/(-10)*(-20)/1?
1
Suppose -404 = -2*i - 2*q, -2*i + 4*q + 16 + 382 = 0. Let l = -84 + i. What is the units digit of l?
7
Let b = -497 - -1297. Suppose -4*r - 3*i - i + 836 = 0, -4*r + 5*i = -b. What is the tens digit of r?
0
Let j = 621 - 245. What is the units digit of j?
6
Suppose 2*z + 4*z = 24. Suppose z*o - 35 = -167. What is the tens digit of (-7)/((-21)/(-6)) - o?
3
Let p(u) be the third derivative of -u**4/12 - 5*u**3/3 - u**2. Let q be p(8). Let y = q - -51. What is the tens digit of y?
2
Suppose -3*o - 5*y = -0*o - 10, 3*o + y + 10 = 0. Let l(s) = 819*s + 3. Let z be l(o). What is the units digit of 2/(-14) - z/77?
3
Suppose -3*l - 5*j + 21 = 0, 3*j = 2*j + 3. Let z(k) = k**2 + 4*k - 3. Let a be z(l). What is the units digit of 10/(6*3/a)?
5
Suppose -2*o = -1 - 3. Let c be (-65 - o) + 3 + 3. Let t = 102 + c. What is the units digit of t?
1
Let d = 5384 - 2312. What is the hundreds digit of d?
0
Let r(i) = 448*i - 29. What is the units digit of r(2)?
7
Let i = 2784 + -1362. What is the thousands digit of i?
1
Suppose 5*f - 9*f = 40. Let w = f + 20. Suppose w = -7*t + 9*t. What is the units digit of t?
5
What is the tens digit of (24/(-30))/((-12)/3630)?
4
Let o(q) = 